
{"id":32934,"date":"2026-04-29T21:43:47","date_gmt":"2026-04-29T19:43:47","guid":{"rendered":"https:\/\/admin-mlekpol.f11.co\/?post_type=product&#038;p=32934"},"modified":"2026-04-29T22:00:58","modified_gmt":"2026-04-29T20:00:58","slug":"jogurt-grecki-laciaty-naturalny","status":"publish","type":"product","link":"https:\/\/mlekpol.com.pl\/index.php\/produkt\/jogurt-grecki-laciaty-naturalny\/","title":{"rendered":"Jogurt Grecki \u0141aciaty Naturalny"},"content":{"rendered":"<p>Jogurt typ grecki to rodzaj jogurtu o g\u0119stej i kremowej konsystencji. Produkt ten jest bardzo popularny, ceniony za wyj\u0105tkowy smak i w\u0142a\u015bciwo\u015bci od\u017cywcze oraz u\u017cyteczno\u015b\u0107 kulinarn\u0105.<\/p>\n","protected":false},"excerpt":{"rendered":"<p>Jogurt typ grecki to rodzaj jogurtu o g\u0119stej i kremowej konsystencji. Produkt ten jest bardzo popularny, ceniony za wyj\u0105tkowy smak i w\u0142a\u015bciwo\u015bci od\u017cywcze oraz u\u017cyteczno\u015b\u0107 kulinarn\u0105.<\/p>\n","protected":false},"featured_media":32936,"template":"","meta":[],"product_cat":[34,18,48],"product_tag":[],"_links":{"self":[{"href":"https:\/\/mlekpol.com.pl\/index.php\/wp-json\/wp\/v2\/product\/32934"}],"collection":[{"href":"https:\/\/mlekpol.com.pl\/index.php\/wp-json\/wp\/v2\/product"}],"about":[{"href":"https:\/\/mlekpol.com.pl\/index.php\/wp-json\/wp\/v2\/types\/product"}],"wp:featuredmedia":[{"embeddable":true,"href":"https:\/\/mlekpol.com.pl\/index.php\/wp-json\/wp\/v2\/media\/32936"}],"wp:attachment":[{"href":"https:\/\/mlekpol.com.pl\/index.php\/wp-json\/wp\/v2\/media?parent=32934"}],"wp:term":[{"taxonomy":"product_cat","embeddable":true,"href":"https:\/\/mlekpol.com.pl\/index.php\/wp-json\/wp\/v2\/product_cat?post=32934"},{"taxonomy":"product_tag","embeddable":true,"href":"https:\/\/mlekpol.com.pl\/index.php\/wp-json\/wp\/v2\/product_tag?post=32934"}],"curies":[{"name":"wp","href":"https:\/\/api.w.org\/{rel}","templated":true}]}}