
{"id":31373,"date":"2025-10-01T14:45:49","date_gmt":"2025-10-01T12:45:49","guid":{"rendered":"https:\/\/mlekpol.com.pl\/?post_type=product&#038;p=31373"},"modified":"2025-10-07T10:29:48","modified_gmt":"2025-10-07T08:29:48","slug":"twarozek-grani-lekki-naturalny-laciaty-protein","status":"publish","type":"product","link":"https:\/\/mlekpol.com.pl\/index.php\/produkt\/twarozek-grani-lekki-naturalny-laciaty-protein\/","title":{"rendered":"Twaro\u017cek grani lekki naturalny \u0141aciaty Protein+"},"content":{"rendered":"<p><strong>Twaro\u017cek Grani \u0141aciaty Protein+<\/strong> to lekki i kremowy twaro\u017cek o wysokiej zawarto\u015bci bia\u0142ka \u2013 a\u017c 30 g w porcji i obni\u017conej zawarto\u015bci t\u0142uszczu o 57% w por\u00f3wnaniu do klasycznego Twaro\u017cku Grani naturalnego (7% t\u0142uszczu). To idealny wyb\u00f3r dla os\u00f3b aktywnych i dbaj\u0105cych o zdrow\u0105 diet\u0119 \u2013 syci, wspiera regeneracj\u0119 po wysi\u0142ku i dostarcza naturalnej energii w ci\u0105gu dnia.<\/p>\n","protected":false},"excerpt":{"rendered":"<p>Twaro\u017cek Grani \u0141aciaty Protein+ to lekki i kremowy twaro\u017cek o wysokiej zawarto\u015bci bia\u0142ka \u2013 a\u017c 30 g w porcji i obni\u017conej zawarto\u015bci t\u0142uszczu o 57% w por\u00f3wnaniu do klasycznego Twaro\u017cku Grani naturalnego (7% t\u0142uszczu). To idealny wyb\u00f3r dla os\u00f3b aktywnych i dbaj\u0105cych o zdrow\u0105 diet\u0119 \u2013 syci, wspiera regeneracj\u0119 po wysi\u0142ku i dostarcza naturalnej energii [&hellip;]<\/p>\n","protected":false},"featured_media":31375,"template":"","meta":[],"product_cat":[176,48],"product_tag":[],"_links":{"self":[{"href":"https:\/\/mlekpol.com.pl\/index.php\/wp-json\/wp\/v2\/product\/31373"}],"collection":[{"href":"https:\/\/mlekpol.com.pl\/index.php\/wp-json\/wp\/v2\/product"}],"about":[{"href":"https:\/\/mlekpol.com.pl\/index.php\/wp-json\/wp\/v2\/types\/product"}],"wp:featuredmedia":[{"embeddable":true,"href":"https:\/\/mlekpol.com.pl\/index.php\/wp-json\/wp\/v2\/media\/31375"}],"wp:attachment":[{"href":"https:\/\/mlekpol.com.pl\/index.php\/wp-json\/wp\/v2\/media?parent=31373"}],"wp:term":[{"taxonomy":"product_cat","embeddable":true,"href":"https:\/\/mlekpol.com.pl\/index.php\/wp-json\/wp\/v2\/product_cat?post=31373"},{"taxonomy":"product_tag","embeddable":true,"href":"https:\/\/mlekpol.com.pl\/index.php\/wp-json\/wp\/v2\/product_tag?post=31373"}],"curies":[{"name":"wp","href":"https:\/\/api.w.org\/{rel}","templated":true}]}}