
{"id":30996,"date":"2025-08-04T10:03:18","date_gmt":"2025-08-04T08:03:18","guid":{"rendered":"https:\/\/mlekpol.com.pl\/?post_type=product&#038;p=30996"},"modified":"2025-10-15T14:37:40","modified_gmt":"2025-10-15T12:37:40","slug":"harmonia-jogurt-pitny-figa-z-nuta-bialej-herbaty-i-kwiatu-wisni-z-magnezem-i-biotyna","status":"publish","type":"product","link":"https:\/\/mlekpol.com.pl\/index.php\/produkt\/harmonia-jogurt-pitny-figa-z-nuta-bialej-herbaty-i-kwiatu-wisni-z-magnezem-i-biotyna\/","title":{"rendered":"HARMONIA Jogurt pitny figa z nut\u0105 bia\u0142ej herbaty i kwiatu wi\u015bni z magnezem i biotyn\u0105"},"content":{"rendered":"<p>Jogurt funkcjonalny \u0141aciaty Harmonia to odpowied\u017a na rosn\u0105ce zainteresowanie produktami wspieraj\u0105cymi nie tylko kondycj\u0119 fizyczn\u0105, ale tak\u017ce psychiczny dobrostan konsument\u00f3w. Wariant Harmonia i pi\u0119kno z magnezem i biotyn\u0105 \u0142\u0105czy delikatn\u0105 fig\u0119 z bia\u0142\u0105 herbat\u0105 i kwiatem wi\u015bni, tworz\u0105c kompozycj\u0119 idealn\u0105 do z\u0142apania chwili oddechu w ci\u0105gu dnia.<\/p>\n","protected":false},"excerpt":{"rendered":"<p>Jogurt funkcjonalny \u0141aciaty Harmonia to odpowied\u017a na rosn\u0105ce zainteresowanie produktami wspieraj\u0105cymi nie tylko kondycj\u0119 fizyczn\u0105, ale tak\u017ce psychiczny dobrostan konsument\u00f3w. Wariant Harmonia i pi\u0119kno z magnezem i biotyn\u0105 \u0142\u0105czy delikatn\u0105 fig\u0119 z bia\u0142\u0105 herbat\u0105 i kwiatem wi\u015bni, tworz\u0105c kompozycj\u0119 idealn\u0105 do z\u0142apania chwili oddechu w ci\u0105gu dnia.<\/p>\n","protected":false},"featured_media":31000,"template":"","meta":[],"product_cat":[1293,18,48],"product_tag":[],"_links":{"self":[{"href":"https:\/\/mlekpol.com.pl\/index.php\/wp-json\/wp\/v2\/product\/30996"}],"collection":[{"href":"https:\/\/mlekpol.com.pl\/index.php\/wp-json\/wp\/v2\/product"}],"about":[{"href":"https:\/\/mlekpol.com.pl\/index.php\/wp-json\/wp\/v2\/types\/product"}],"wp:featuredmedia":[{"embeddable":true,"href":"https:\/\/mlekpol.com.pl\/index.php\/wp-json\/wp\/v2\/media\/31000"}],"wp:attachment":[{"href":"https:\/\/mlekpol.com.pl\/index.php\/wp-json\/wp\/v2\/media?parent=30996"}],"wp:term":[{"taxonomy":"product_cat","embeddable":true,"href":"https:\/\/mlekpol.com.pl\/index.php\/wp-json\/wp\/v2\/product_cat?post=30996"},{"taxonomy":"product_tag","embeddable":true,"href":"https:\/\/mlekpol.com.pl\/index.php\/wp-json\/wp\/v2\/product_tag?post=30996"}],"curies":[{"name":"wp","href":"https:\/\/api.w.org\/{rel}","templated":true}]}}