
{"id":30745,"date":"2025-06-27T00:33:57","date_gmt":"2025-06-26T22:33:57","guid":{"rendered":"https:\/\/mlekpol.com.pl\/?post_type=product&#038;p=30745"},"modified":"2025-06-27T00:56:34","modified_gmt":"2025-06-26T22:56:34","slug":"smietanka-laciata-30-pasteryzowana-330c","status":"publish","type":"product","link":"https:\/\/mlekpol.com.pl\/index.php\/produkt\/smietanka-laciata-30-pasteryzowana-330c\/","title":{"rendered":"\u015amietanka \u0141aciata 30% pasteryzowana 330ml"},"content":{"rendered":"<p>\u015amietanka dost\u0119pna w praktycznym kubku 330 ml, jest wygodna w u\u017cyciu, doskona\u0142a do wszechstronnego wykorzystania w kuchni, zar\u00f3wno w daniach na zimno, jak i na ciep\u0142o, w kt\u00f3rych nie warzy si\u0119 i nie rozwarstwia. To znakomity no\u015bnik smaku, nadaj\u0105cy potrawom idealn\u0105 konsystencj\u0119. \u015amietanka z wysok\u0105 zawarto\u015bci\u0105 t\u0142uszczu dobrze si\u0119 ubija. Jest trwa\u0142a, wi\u0119c stanie si\u0119 niepowtarzaln\u0105 baz\u0105 krem\u00f3w, dodatkiem do deser\u00f3w, ale tak\u017ce kremowym uzupe\u0142nieniem da\u0144 wytrawnych. Produkt jest bezglutenowy i odpowiedni dla wegetarian. Zawiera m.in. witamin\u0119 A, witamin\u0119 B12, wap\u0144 oraz fosfor.<\/p>\n<p>Jak powstaje \u0142aciata nowo\u015b\u0107? Przede wszystkim z polskiego mleka najwy\u017cszej jako\u015bci. W procesie produkcji \u015bmietanka poddawana jest pasteryzacji. Produkt przechowuje si\u0119 w ch\u0142odzie, a po otwarciu nale\u017cy spo\u017cy\u0107 go w ci\u0105gu 24 godzin. Dzi\u0119ki temu zachowuje w\u0142a\u015bciwo\u015bci, kt\u00f3re czyni\u0105 go wygodnym i wszechstronnym produktem w kuchni.<\/p>\n","protected":false},"excerpt":{"rendered":"<p>\u015amietanka dost\u0119pna w praktycznym kubku 330 ml, jest wygodna w u\u017cyciu, doskona\u0142a do wszechstronnego wykorzystania w kuchni, zar\u00f3wno w daniach na zimno, jak i na ciep\u0142o, w kt\u00f3rych nie warzy si\u0119 i nie rozwarstwia. To znakomity no\u015bnik smaku, nadaj\u0105cy potrawom idealn\u0105 konsystencj\u0119. \u015amietanka z wysok\u0105 zawarto\u015bci\u0105 t\u0142uszczu dobrze si\u0119 ubija. Jest trwa\u0142a, wi\u0119c stanie si\u0119 [&hellip;]<\/p>\n","protected":false},"featured_media":30746,"template":"","meta":[],"product_cat":[329,48],"product_tag":[],"_links":{"self":[{"href":"https:\/\/mlekpol.com.pl\/index.php\/wp-json\/wp\/v2\/product\/30745"}],"collection":[{"href":"https:\/\/mlekpol.com.pl\/index.php\/wp-json\/wp\/v2\/product"}],"about":[{"href":"https:\/\/mlekpol.com.pl\/index.php\/wp-json\/wp\/v2\/types\/product"}],"wp:featuredmedia":[{"embeddable":true,"href":"https:\/\/mlekpol.com.pl\/index.php\/wp-json\/wp\/v2\/media\/30746"}],"wp:attachment":[{"href":"https:\/\/mlekpol.com.pl\/index.php\/wp-json\/wp\/v2\/media?parent=30745"}],"wp:term":[{"taxonomy":"product_cat","embeddable":true,"href":"https:\/\/mlekpol.com.pl\/index.php\/wp-json\/wp\/v2\/product_cat?post=30745"},{"taxonomy":"product_tag","embeddable":true,"href":"https:\/\/mlekpol.com.pl\/index.php\/wp-json\/wp\/v2\/product_tag?post=30745"}],"curies":[{"name":"wp","href":"https:\/\/api.w.org\/{rel}","templated":true}]}}