
{"id":30170,"date":"2025-04-03T01:28:09","date_gmt":"2025-04-02T23:28:09","guid":{"rendered":"https:\/\/mlekpol.com.pl\/?post_type=product&#038;p=30170"},"modified":"2025-04-03T01:28:09","modified_gmt":"2025-04-02T23:28:09","slug":"mleko-uht-laciate-o-smaku-czekoladowym-1l","status":"publish","type":"product","link":"https:\/\/mlekpol.com.pl\/index.php\/produkt\/mleko-uht-laciate-o-smaku-czekoladowym-1l\/","title":{"rendered":"Mleko UHT  \u0141aciate o smaku czekoladowym 1l"},"content":{"rendered":"<p>Mleko czekoladowe w opakowaniu o pojemno\u015bci 1 litra to idealna propozycja dla ca\u0142ej rodziny, kt\u00f3ra zapewnia wystarczaj\u0105c\u0105 ilo\u015b\u0107 napoju na d\u0142u\u017cej.<u><\/u><u><\/u><\/p>\n<p>Przyci\u0105gaj\u0105ca wzrok, apetyczna grafika z mocnymi, czekoladowymi akcentami sprawia natomiast, \u017ce produkt wyr\u00f3\u017cnia si\u0119 na sklepowej p\u00f3\u0142ce.<\/p>\n","protected":false},"excerpt":{"rendered":"<p>Mleko czekoladowe w opakowaniu o pojemno\u015bci 1 litra to idealna propozycja dla ca\u0142ej rodziny, kt\u00f3ra zapewnia wystarczaj\u0105c\u0105 ilo\u015b\u0107 napoju na d\u0142u\u017cej. Przyci\u0105gaj\u0105ca wzrok, apetyczna grafika z mocnymi, czekoladowymi akcentami sprawia natomiast, \u017ce produkt wyr\u00f3\u017cnia si\u0119 na sklepowej p\u00f3\u0142ce.<\/p>\n","protected":false},"featured_media":30171,"template":"","meta":[],"product_cat":[16,25,48],"product_tag":[],"_links":{"self":[{"href":"https:\/\/mlekpol.com.pl\/index.php\/wp-json\/wp\/v2\/product\/30170"}],"collection":[{"href":"https:\/\/mlekpol.com.pl\/index.php\/wp-json\/wp\/v2\/product"}],"about":[{"href":"https:\/\/mlekpol.com.pl\/index.php\/wp-json\/wp\/v2\/types\/product"}],"wp:featuredmedia":[{"embeddable":true,"href":"https:\/\/mlekpol.com.pl\/index.php\/wp-json\/wp\/v2\/media\/30171"}],"wp:attachment":[{"href":"https:\/\/mlekpol.com.pl\/index.php\/wp-json\/wp\/v2\/media?parent=30170"}],"wp:term":[{"taxonomy":"product_cat","embeddable":true,"href":"https:\/\/mlekpol.com.pl\/index.php\/wp-json\/wp\/v2\/product_cat?post=30170"},{"taxonomy":"product_tag","embeddable":true,"href":"https:\/\/mlekpol.com.pl\/index.php\/wp-json\/wp\/v2\/product_tag?post=30170"}],"curies":[{"name":"wp","href":"https:\/\/api.w.org\/{rel}","templated":true}]}}