
{"id":28336,"date":"2024-09-16T17:39:19","date_gmt":"2024-09-16T15:39:19","guid":{"rendered":"https:\/\/mlekpol.com.pl\/?post_type=product&#038;p=28336"},"modified":"2024-09-20T18:02:18","modified_gmt":"2024-09-20T16:02:18","slug":"klinek-twarog-poltlusty-bez-laktozy-laciaty","status":"publish","type":"product","link":"https:\/\/mlekpol.com.pl\/index.php\/produkt\/klinek-twarog-poltlusty-bez-laktozy-laciaty\/","title":{"rendered":"Klinek twar\u00f3g p\u00f3\u0142t\u0142usty bez laktozy \u0141aciaty"},"content":{"rendered":"<p>Twar\u00f3g p\u00f3\u0142t\u0142usty powstaj\u0105cy z polskiego mleka wed\u0142ug tradycyjnej receptury. Wyr\u00f3\u017cnia si\u0119 kr\u00f3tk\u0105 list\u0105 wy\u0142\u0105cznie naturalnych sk\u0142adnik\u00f3w, w tym dobroczynnych kultur bakterii fermentacji mlekowej. Pakowany w funkcjonalne opakowania typu klinek 250 g, kt\u00f3re gwarantuje \u015bwie\u017co\u015b\u0107 i wygodne przechowywanie. W wersji bez laktozy sprawdzi si\u0119 w diecie os\u00f3b z nietolerancj\u0105 tego cukru.\u00a0Charakteryzuje si\u0119\u00a0wysok\u0105 zawarto\u015bci\u0105\u00a0bia\u0142ka, kt\u00f3re jest niezb\u0119dne do prawid\u0142owego funkcjonowania organizmu.<\/p>\n","protected":false},"excerpt":{"rendered":"<p>Twar\u00f3g p\u00f3\u0142t\u0142usty powstaj\u0105cy z polskiego mleka wed\u0142ug tradycyjnej receptury. Wyr\u00f3\u017cnia si\u0119 kr\u00f3tk\u0105 list\u0105 wy\u0142\u0105cznie naturalnych sk\u0142adnik\u00f3w, w tym dobroczynnych kultur bakterii fermentacji mlekowej. Pakowany w funkcjonalne opakowania typu klinek 250 g, kt\u00f3re gwarantuje \u015bwie\u017co\u015b\u0107 i wygodne przechowywanie. W wersji bez laktozy sprawdzi si\u0119 w diecie os\u00f3b z nietolerancj\u0105 tego cukru.\u00a0Charakteryzuje si\u0119\u00a0wysok\u0105 zawarto\u015bci\u0105\u00a0bia\u0142ka, kt\u00f3re jest niezb\u0119dne [&hellip;]<\/p>\n","protected":false},"featured_media":28337,"template":"","meta":[],"product_cat":[327,40,21,48],"product_tag":[],"_links":{"self":[{"href":"https:\/\/mlekpol.com.pl\/index.php\/wp-json\/wp\/v2\/product\/28336"}],"collection":[{"href":"https:\/\/mlekpol.com.pl\/index.php\/wp-json\/wp\/v2\/product"}],"about":[{"href":"https:\/\/mlekpol.com.pl\/index.php\/wp-json\/wp\/v2\/types\/product"}],"wp:featuredmedia":[{"embeddable":true,"href":"https:\/\/mlekpol.com.pl\/index.php\/wp-json\/wp\/v2\/media\/28337"}],"wp:attachment":[{"href":"https:\/\/mlekpol.com.pl\/index.php\/wp-json\/wp\/v2\/media?parent=28336"}],"wp:term":[{"taxonomy":"product_cat","embeddable":true,"href":"https:\/\/mlekpol.com.pl\/index.php\/wp-json\/wp\/v2\/product_cat?post=28336"},{"taxonomy":"product_tag","embeddable":true,"href":"https:\/\/mlekpol.com.pl\/index.php\/wp-json\/wp\/v2\/product_tag?post=28336"}],"curies":[{"name":"wp","href":"https:\/\/api.w.org\/{rel}","templated":true}]}}