
{"id":25949,"date":"2023-10-20T15:47:05","date_gmt":"2023-10-20T13:47:05","guid":{"rendered":"https:\/\/mlekpol.com.pl\/?post_type=product&#038;p=25949"},"modified":"2024-03-27T16:00:14","modified_gmt":"2024-03-27T15:00:14","slug":"lody-bambino-smietankowe-o-smaku-waniliowym-36g-jogo","status":"publish","type":"product","link":"https:\/\/mlekpol.com.pl\/index.php\/produkt\/lody-bambino-smietankowe-o-smaku-waniliowym-36g-jogo\/","title":{"rendered":"Lody Bambino \u015bmietankowe o smaku waniliowym 36g JOGO"},"content":{"rendered":"<p>Pyszne lody o smaku \u015bmietankowym. Nie zawieraj\u0105 \u017cadnych sztucznych utwardzaczy i wype\u0142niaczy. Idealne na deser i dla och\u0142ody w gor\u0105ce dni.<\/p>\n","protected":false},"excerpt":{"rendered":"<p>Pyszne lody o smaku \u015bmietankowym. Nie zawieraj\u0105 \u017cadnych sztucznych utwardzaczy i wype\u0142niaczy. Idealne na deser i dla och\u0142ody w gor\u0105ce dni.<\/p>\n","protected":false},"featured_media":27178,"template":"","meta":[],"product_cat":[1266,1285],"product_tag":[],"_links":{"self":[{"href":"https:\/\/mlekpol.com.pl\/index.php\/wp-json\/wp\/v2\/product\/25949"}],"collection":[{"href":"https:\/\/mlekpol.com.pl\/index.php\/wp-json\/wp\/v2\/product"}],"about":[{"href":"https:\/\/mlekpol.com.pl\/index.php\/wp-json\/wp\/v2\/types\/product"}],"wp:featuredmedia":[{"embeddable":true,"href":"https:\/\/mlekpol.com.pl\/index.php\/wp-json\/wp\/v2\/media\/27178"}],"wp:attachment":[{"href":"https:\/\/mlekpol.com.pl\/index.php\/wp-json\/wp\/v2\/media?parent=25949"}],"wp:term":[{"taxonomy":"product_cat","embeddable":true,"href":"https:\/\/mlekpol.com.pl\/index.php\/wp-json\/wp\/v2\/product_cat?post=25949"},{"taxonomy":"product_tag","embeddable":true,"href":"https:\/\/mlekpol.com.pl\/index.php\/wp-json\/wp\/v2\/product_tag?post=25949"}],"curies":[{"name":"wp","href":"https:\/\/api.w.org\/{rel}","templated":true}]}}