
{"id":2471,"date":"2018-07-31T13:30:40","date_gmt":"2018-07-31T11:30:40","guid":{"rendered":"http:\/\/mlekpol.thinq.pl\/index.php\/produkt\/serek-smietankowy-mleczarnia-naturalny\/"},"modified":"2025-03-24T23:46:18","modified_gmt":"2025-03-24T22:46:18","slug":"serek-smietankowy-mleczarnia-naturalny","status":"publish","type":"product","link":"https:\/\/mlekpol.com.pl\/index.php\/produkt\/serek-smietankowy-mleczarnia-naturalny\/","title":{"rendered":"Serek \u015bmietankowy Mleczarnia naturalny"},"content":{"rendered":"<p>Pyszny naturalny smak. Dobrze przyswajalne \u017ar\u00f3d\u0142o bia\u0142ka, wapnia i cennych witamin. Produkowany z najlepszej \u015bmietanki, bez zag\u0119stnik\u00f3w i konserwant\u00f3w. Doskona\u0142y do smarowania i jako dope\u0142nianie sos\u00f3w, baza dip\u00f3w do \u015bwie\u017cych warzyw i potraw z grilla. Znakomity kremowy akcent ciast i deser\u00f3w. Mleczarnia to linia produkt\u00f3w Mlekpol dla kana\u0142u HoReCa. Wyr\u00f3\u017cniaj\u0105 j\u0105 charakterystyczne, opakowania w kratk\u0119. Od marek Premium r\u00f3\u017cni je forma opakowania oraz cena dedykowana specjalnie zbiorowemu \u017cywieniu.<\/p>\n","protected":false},"excerpt":{"rendered":"<p>Pyszny naturalny smak. Dobrze przyswajalne \u017ar\u00f3d\u0142o bia\u0142ka, wapnia i cennych witamin. Produkowany z najlepszej \u015bmietanki, bez zag\u0119stnik\u00f3w i konserwant\u00f3w. Doskona\u0142y do smarowania i jako dope\u0142nianie sos\u00f3w, baza dip\u00f3w do \u015bwie\u017cych warzyw i potraw z grilla. Znakomity kremowy akcent ciast i deser\u00f3w. Mleczarnia to linia produkt\u00f3w Mlekpol dla kana\u0142u HoReCa. Wyr\u00f3\u017cniaj\u0105 j\u0105 charakterystyczne, opakowania w kratk\u0119. [&hellip;]<\/p>\n","protected":false},"featured_media":30091,"template":"","meta":[],"product_cat":[999,556,23],"product_tag":[],"_links":{"self":[{"href":"https:\/\/mlekpol.com.pl\/index.php\/wp-json\/wp\/v2\/product\/2471"}],"collection":[{"href":"https:\/\/mlekpol.com.pl\/index.php\/wp-json\/wp\/v2\/product"}],"about":[{"href":"https:\/\/mlekpol.com.pl\/index.php\/wp-json\/wp\/v2\/types\/product"}],"wp:featuredmedia":[{"embeddable":true,"href":"https:\/\/mlekpol.com.pl\/index.php\/wp-json\/wp\/v2\/media\/30091"}],"wp:attachment":[{"href":"https:\/\/mlekpol.com.pl\/index.php\/wp-json\/wp\/v2\/media?parent=2471"}],"wp:term":[{"taxonomy":"product_cat","embeddable":true,"href":"https:\/\/mlekpol.com.pl\/index.php\/wp-json\/wp\/v2\/product_cat?post=2471"},{"taxonomy":"product_tag","embeddable":true,"href":"https:\/\/mlekpol.com.pl\/index.php\/wp-json\/wp\/v2\/product_tag?post=2471"}],"curies":[{"name":"wp","href":"https:\/\/api.w.org\/{rel}","templated":true}]}}