
{"id":2454,"date":"2018-07-31T13:30:34","date_gmt":"2018-07-31T11:30:34","guid":{"rendered":"http:\/\/mlekpol.thinq.pl\/index.php\/produkt\/serek-homogenizowany-rolmlecz-wanilia-3\/"},"modified":"2023-07-24T22:03:58","modified_gmt":"2023-07-24T20:03:58","slug":"serek-homogenizowany-rolmlecz-wanilia-3","status":"publish","type":"product","link":"https:\/\/mlekpol.com.pl\/index.php\/produkt\/serek-homogenizowany-rolmlecz-wanilia-3\/","title":{"rendered":"Serek homogenizowany Rolmlecz waniliowy"},"content":{"rendered":"<p>Minimum sk\u0142adnik\u00f3w- maximum smaku! Kultowy serek \u201ez kr\u00f3wk\u0105\u201d. Uwielbiany przez kilka pokole\u0144 Polak\u00f3w. Niezast\u0105piony jako idealne dope\u0142nianie nale\u015bnik\u00f3w, owoc\u00f3w lub zdrowa s\u0142odka przek\u0105ska. Powsta\u0142 z najlepszego polskiego mleka od kr\u00f3w skarmianych paszami bez GMO.<\/p>\n","protected":false},"excerpt":{"rendered":"<p>Minimum sk\u0142adnik\u00f3w- maximum smaku! Kultowy serek \u201ez kr\u00f3wk\u0105\u201d. Uwielbiany przez kilka pokole\u0144 Polak\u00f3w. Niezast\u0105piony jako idealne dope\u0142nianie nale\u015bnik\u00f3w, owoc\u00f3w lub zdrowa s\u0142odka przek\u0105ska. Powsta\u0142 z najlepszego polskiego mleka od kr\u00f3w skarmianych paszami bez GMO.<\/p>\n","protected":false},"featured_media":25204,"template":"","meta":[],"product_cat":[109,20],"product_tag":[],"_links":{"self":[{"href":"https:\/\/mlekpol.com.pl\/index.php\/wp-json\/wp\/v2\/product\/2454"}],"collection":[{"href":"https:\/\/mlekpol.com.pl\/index.php\/wp-json\/wp\/v2\/product"}],"about":[{"href":"https:\/\/mlekpol.com.pl\/index.php\/wp-json\/wp\/v2\/types\/product"}],"wp:featuredmedia":[{"embeddable":true,"href":"https:\/\/mlekpol.com.pl\/index.php\/wp-json\/wp\/v2\/media\/25204"}],"wp:attachment":[{"href":"https:\/\/mlekpol.com.pl\/index.php\/wp-json\/wp\/v2\/media?parent=2454"}],"wp:term":[{"taxonomy":"product_cat","embeddable":true,"href":"https:\/\/mlekpol.com.pl\/index.php\/wp-json\/wp\/v2\/product_cat?post=2454"},{"taxonomy":"product_tag","embeddable":true,"href":"https:\/\/mlekpol.com.pl\/index.php\/wp-json\/wp\/v2\/product_tag?post=2454"}],"curies":[{"name":"wp","href":"https:\/\/api.w.org\/{rel}","templated":true}]}}