
{"id":2439,"date":"2018-07-31T13:30:28","date_gmt":"2018-07-31T11:30:28","guid":{"rendered":"http:\/\/mlekpol.thinq.pl\/index.php\/produkt\/serek-wiejski-laciaty-naturalny-lekki\/"},"modified":"2022-11-27T22:57:17","modified_gmt":"2022-11-27T21:57:17","slug":"serek-wiejski-laciaty-naturalny-lekki","status":"publish","type":"product","link":"https:\/\/mlekpol.com.pl\/index.php\/produkt\/serek-wiejski-laciaty-naturalny-lekki\/","title":{"rendered":"Serek wiejski \u0141aciaty naturalny lekki"},"content":{"rendered":"<p>Propozycja dla os\u00f3b dbaj\u0105cych o szczup\u0142\u0105 sylwetk\u0119: pyszny smak serka wiejskiego \u0141aciatego i o 40% mniejsza zawarto\u015b\u0107 t\u0142uszczu. Stworzony z polskiego mleka od kr\u00f3w wypasanych na najczystszych \u0142\u0105kach Podlasia. To doskona\u0142y smak delikatnych ziarenek twaro\u017cku zanurzonych w s\u0142odkiej \u015bmietance. Lekkie \u017ar\u00f3d\u0142o dobrze przyswajalnego bia\u0142ka i wapnia. Doskona\u0142y na \u015bniadanie, kolacj\u0119 lub jako przek\u0105ska.<\/p>\n","protected":false},"excerpt":{"rendered":"<p>Propozycja dla os\u00f3b dbaj\u0105cych o szczup\u0142\u0105 sylwetk\u0119: pyszny smak serka wiejskiego \u0141aciatego i o 40% mniejsza zawarto\u015b\u0107 t\u0142uszczu. Stworzony z polskiego mleka od kr\u00f3w wypasanych na najczystszych \u0142\u0105kach Podlasia. To doskona\u0142y smak delikatnych ziarenek twaro\u017cku zanurzonych w s\u0142odkiej \u015bmietance. Lekkie \u017ar\u00f3d\u0142o dobrze przyswajalnego bia\u0142ka i wapnia. Doskona\u0142y na \u015bniadanie, kolacj\u0119 lub jako przek\u0105ska.<\/p>\n","protected":false},"featured_media":20212,"template":"","meta":[],"product_cat":[176,48],"product_tag":[],"_links":{"self":[{"href":"https:\/\/mlekpol.com.pl\/index.php\/wp-json\/wp\/v2\/product\/2439"}],"collection":[{"href":"https:\/\/mlekpol.com.pl\/index.php\/wp-json\/wp\/v2\/product"}],"about":[{"href":"https:\/\/mlekpol.com.pl\/index.php\/wp-json\/wp\/v2\/types\/product"}],"wp:featuredmedia":[{"embeddable":true,"href":"https:\/\/mlekpol.com.pl\/index.php\/wp-json\/wp\/v2\/media\/20212"}],"wp:attachment":[{"href":"https:\/\/mlekpol.com.pl\/index.php\/wp-json\/wp\/v2\/media?parent=2439"}],"wp:term":[{"taxonomy":"product_cat","embeddable":true,"href":"https:\/\/mlekpol.com.pl\/index.php\/wp-json\/wp\/v2\/product_cat?post=2439"},{"taxonomy":"product_tag","embeddable":true,"href":"https:\/\/mlekpol.com.pl\/index.php\/wp-json\/wp\/v2\/product_tag?post=2439"}],"curies":[{"name":"wp","href":"https:\/\/api.w.org\/{rel}","templated":true}]}}