
{"id":2425,"date":"2018-07-31T13:30:23","date_gmt":"2018-07-31T11:30:23","guid":{"rendered":"http:\/\/mlekpol.thinq.pl\/index.php\/produkt\/twarog-rolmlecz-tlusty-formowany-kostka\/"},"modified":"2023-07-24T22:10:57","modified_gmt":"2023-07-24T20:10:57","slug":"twarog-rolmlecz-tlusty-formowany-kostka","status":"publish","type":"product","link":"https:\/\/mlekpol.com.pl\/index.php\/produkt\/twarog-rolmlecz-tlusty-formowany-kostka\/","title":{"rendered":"Twar\u00f3g Rolmlecz t\u0142usty formowany kostka"},"content":{"rendered":"<p>Znakomity twar\u00f3g z polskiego mleka od kr\u00f3w skarmianych paszami bez GMO. Naturalny, tradycyjny smak i \u017ar\u00f3d\u0142o cennych sk\u0142adnik\u00f3w od\u017cywczych: wapnia, witamin, bia\u0142ka i aminokwas\u00f3w.<br \/>\nTradycyjna forma kostki.<\/p>\n","protected":false},"excerpt":{"rendered":"<p>Znakomity twar\u00f3g z polskiego mleka od kr\u00f3w skarmianych paszami bez GMO. Naturalny, tradycyjny smak i \u017ar\u00f3d\u0142o cennych sk\u0142adnik\u00f3w od\u017cywczych: wapnia, witamin, bia\u0142ka i aminokwas\u00f3w. Tradycyjna forma kostki.<\/p>\n","protected":false},"featured_media":25220,"template":"","meta":[],"product_cat":[109,21,41],"product_tag":[],"_links":{"self":[{"href":"https:\/\/mlekpol.com.pl\/index.php\/wp-json\/wp\/v2\/product\/2425"}],"collection":[{"href":"https:\/\/mlekpol.com.pl\/index.php\/wp-json\/wp\/v2\/product"}],"about":[{"href":"https:\/\/mlekpol.com.pl\/index.php\/wp-json\/wp\/v2\/types\/product"}],"wp:featuredmedia":[{"embeddable":true,"href":"https:\/\/mlekpol.com.pl\/index.php\/wp-json\/wp\/v2\/media\/25220"}],"wp:attachment":[{"href":"https:\/\/mlekpol.com.pl\/index.php\/wp-json\/wp\/v2\/media?parent=2425"}],"wp:term":[{"taxonomy":"product_cat","embeddable":true,"href":"https:\/\/mlekpol.com.pl\/index.php\/wp-json\/wp\/v2\/product_cat?post=2425"},{"taxonomy":"product_tag","embeddable":true,"href":"https:\/\/mlekpol.com.pl\/index.php\/wp-json\/wp\/v2\/product_tag?post=2425"}],"curies":[{"name":"wp","href":"https:\/\/api.w.org\/{rel}","templated":true}]}}