
{"id":2400,"date":"2018-07-31T13:30:12","date_gmt":"2018-07-31T11:30:12","guid":{"rendered":"http:\/\/mlekpol.thinq.pl\/index.php\/produkt\/mleko-zsiadle\/"},"modified":"2022-07-26T15:41:02","modified_gmt":"2022-07-26T13:41:02","slug":"mleko-zsiadle","status":"publish","type":"product","link":"https:\/\/mlekpol.com.pl\/index.php\/produkt\/mleko-zsiadle\/","title":{"rendered":"Mleko zsiad\u0142e"},"content":{"rendered":"<p>Tradycyjne mleko zsiad\u0142e, z Podlasia. Regionalny specja\u0142, kt\u00f3ry docenili konsumenci z ca\u0142ego kraju. Naturalne i smaczne mleko fermentowane \u2013 doskona\u0142e do ziemniak\u00f3w i jako baza ch\u0142odnik\u00f3w. Pakowane w wygodn\u0105 miseczk\u0119 umo\u017cliwiaj\u0105c\u0105 zabranie produktu ze sob\u0105 do pracy, na wycieczk\u0119, na pla\u017ce.<\/p>\n","protected":false},"excerpt":{"rendered":"<p>Tradycyjne mleko zsiad\u0142e, z Podlasia. Regionalny specja\u0142, kt\u00f3ry docenili konsumenci z ca\u0142ego kraju. Naturalne i smaczne mleko fermentowane \u2013 doskona\u0142e do ziemniak\u00f3w i jako baza ch\u0142odnik\u00f3w. Pakowane w wygodn\u0105 miseczk\u0119 umo\u017cliwiaj\u0105c\u0105 zabranie produktu ze sob\u0105 do pracy, na wycieczk\u0119, na pla\u017ce.<\/p>\n","protected":false},"featured_media":23699,"template":"","meta":[],"product_cat":[558,18,190],"product_tag":[],"_links":{"self":[{"href":"https:\/\/mlekpol.com.pl\/index.php\/wp-json\/wp\/v2\/product\/2400"}],"collection":[{"href":"https:\/\/mlekpol.com.pl\/index.php\/wp-json\/wp\/v2\/product"}],"about":[{"href":"https:\/\/mlekpol.com.pl\/index.php\/wp-json\/wp\/v2\/types\/product"}],"wp:featuredmedia":[{"embeddable":true,"href":"https:\/\/mlekpol.com.pl\/index.php\/wp-json\/wp\/v2\/media\/23699"}],"wp:attachment":[{"href":"https:\/\/mlekpol.com.pl\/index.php\/wp-json\/wp\/v2\/media?parent=2400"}],"wp:term":[{"taxonomy":"product_cat","embeddable":true,"href":"https:\/\/mlekpol.com.pl\/index.php\/wp-json\/wp\/v2\/product_cat?post=2400"},{"taxonomy":"product_tag","embeddable":true,"href":"https:\/\/mlekpol.com.pl\/index.php\/wp-json\/wp\/v2\/product_tag?post=2400"}],"curies":[{"name":"wp","href":"https:\/\/api.w.org\/{rel}","templated":true}]}}