
{"id":2346,"date":"2018-07-31T13:29:51","date_gmt":"2018-07-31T11:29:51","guid":{"rendered":"http:\/\/mlekpol.thinq.pl\/index.php\/produkt\/jogurt-pitny-milko-truskawkowy\/"},"modified":"2020-02-05T16:17:19","modified_gmt":"2020-02-05T15:17:19","slug":"jogurt-pitny-milko-truskawkowy","status":"publish","type":"product","link":"https:\/\/mlekpol.com.pl\/index.php\/produkt\/jogurt-pitny-milko-truskawkowy\/","title":{"rendered":"Jogurt pitny Milko truskawkowy"},"content":{"rendered":"<p>Pyszny, naturalny jogurt z dodatkiem owoc\u00f3w. Bez dodatku syropu glukozowo-fruktozowego. Porcja energii w wygodnym kartoniku. Doskonale smakuje, orze\u017awia, a dzi\u0119ki zawarto\u015bci dobroczynnych bakterii tak\u017ce wspomaga odporno\u015b\u0107 i procesy trawienne.<br \/>\nPowstaje z najlepszego mleka i najwy\u017cszej jako\u015bci dodatk\u00f3w owocowych. Idealna przek\u0105ska do pracy, do szko\u0142y albo na wycieczk\u0119.<\/p>\n","protected":false},"excerpt":{"rendered":"<p>Pyszny, naturalny jogurt z dodatkiem owoc\u00f3w. Bez dodatku syropu glukozowo-fruktozowego. Porcja energii w wygodnym kartoniku. Doskonale smakuje, orze\u017awia, a dzi\u0119ki zawarto\u015bci dobroczynnych bakterii tak\u017ce wspomaga odporno\u015b\u0107 i procesy trawienne. Powstaje z najlepszego mleka i najwy\u017cszej jako\u015bci dodatk\u00f3w owocowych. Idealna przek\u0105ska do pracy, do szko\u0142y albo na wycieczk\u0119.<\/p>\n","protected":false},"featured_media":19904,"template":"","meta":[],"product_cat":[34,103,18],"product_tag":[],"_links":{"self":[{"href":"https:\/\/mlekpol.com.pl\/index.php\/wp-json\/wp\/v2\/product\/2346"}],"collection":[{"href":"https:\/\/mlekpol.com.pl\/index.php\/wp-json\/wp\/v2\/product"}],"about":[{"href":"https:\/\/mlekpol.com.pl\/index.php\/wp-json\/wp\/v2\/types\/product"}],"wp:featuredmedia":[{"embeddable":true,"href":"https:\/\/mlekpol.com.pl\/index.php\/wp-json\/wp\/v2\/media\/19904"}],"wp:attachment":[{"href":"https:\/\/mlekpol.com.pl\/index.php\/wp-json\/wp\/v2\/media?parent=2346"}],"wp:term":[{"taxonomy":"product_cat","embeddable":true,"href":"https:\/\/mlekpol.com.pl\/index.php\/wp-json\/wp\/v2\/product_cat?post=2346"},{"taxonomy":"product_tag","embeddable":true,"href":"https:\/\/mlekpol.com.pl\/index.php\/wp-json\/wp\/v2\/product_tag?post=2346"}],"curies":[{"name":"wp","href":"https:\/\/api.w.org\/{rel}","templated":true}]}}