
{"id":2344,"date":"2018-07-31T13:29:50","date_gmt":"2018-07-31T11:29:50","guid":{"rendered":"http:\/\/mlekpol.thinq.pl\/index.php\/produkt\/maslanka-rolmlecz-naturalna\/"},"modified":"2024-04-26T02:59:43","modified_gmt":"2024-04-26T00:59:43","slug":"maslanka-rolmlecz-naturalna","status":"publish","type":"product","link":"https:\/\/mlekpol.com.pl\/index.php\/produkt\/maslanka-rolmlecz-naturalna\/","title":{"rendered":"Ma\u015blanka Rolmlecz naturalna"},"content":{"rendered":"<p>Orze\u017awiaj\u0105ca i smaczna. Sama natura: najlepsze polskie mleko i \u017cywe kultury bakterii mlekowych. To tradycyjny smak, \u017ar\u00f3d\u0142o cennych sk\u0142adnik\u00f3w mineralnych. Doskona\u0142e orze\u017awienie w upalne dni i urozmaicenie diety przez ca\u0142y rok.<\/p>\n","protected":false},"excerpt":{"rendered":"<p>Orze\u017awiaj\u0105ca i smaczna. Sama natura: najlepsze polskie mleko i \u017cywe kultury bakterii mlekowych. To tradycyjny smak, \u017ar\u00f3d\u0142o cennych sk\u0142adnik\u00f3w mineralnych. Doskona\u0142e orze\u017awienie w upalne dni i urozmaicenie diety przez ca\u0142y rok.<\/p>\n","protected":false},"featured_media":24319,"template":"","meta":[],"product_cat":[36,18,109],"product_tag":[],"_links":{"self":[{"href":"https:\/\/mlekpol.com.pl\/index.php\/wp-json\/wp\/v2\/product\/2344"}],"collection":[{"href":"https:\/\/mlekpol.com.pl\/index.php\/wp-json\/wp\/v2\/product"}],"about":[{"href":"https:\/\/mlekpol.com.pl\/index.php\/wp-json\/wp\/v2\/types\/product"}],"wp:featuredmedia":[{"embeddable":true,"href":"https:\/\/mlekpol.com.pl\/index.php\/wp-json\/wp\/v2\/media\/24319"}],"wp:attachment":[{"href":"https:\/\/mlekpol.com.pl\/index.php\/wp-json\/wp\/v2\/media?parent=2344"}],"wp:term":[{"taxonomy":"product_cat","embeddable":true,"href":"https:\/\/mlekpol.com.pl\/index.php\/wp-json\/wp\/v2\/product_cat?post=2344"},{"taxonomy":"product_tag","embeddable":true,"href":"https:\/\/mlekpol.com.pl\/index.php\/wp-json\/wp\/v2\/product_tag?post=2344"}],"curies":[{"name":"wp","href":"https:\/\/api.w.org\/{rel}","templated":true}]}}