
{"id":2335,"date":"2018-07-31T13:29:46","date_gmt":"2018-07-31T11:29:46","guid":{"rendered":"http:\/\/mlekpol.thinq.pl\/index.php\/produkt\/maslanka-mragowska-pieczone-jablko\/"},"modified":"2022-12-13T09:52:31","modified_gmt":"2022-12-13T08:52:31","slug":"maslanka-mragowska-pieczone-jablko","status":"publish","type":"product","link":"https:\/\/mlekpol.com.pl\/index.php\/produkt\/maslanka-mragowska-pieczone-jablko\/","title":{"rendered":"Ma\u015blanka Mr\u0105gowska pieczone jab\u0142ka"},"content":{"rendered":"<p>Powsta\u0142a z najlepszego mazurskiego mleka i soczystych, pieczonych jab\u0142ek. Jej smak i aromat to l\u017cejsza alternatywa szarlotki. Ma wszystkie dobroczynne w\u0142a\u015bciwo\u015bci ma\u015blanki i organoleptyczne zalety \u015bwie\u017cego placka jab\u0142kowego. Nie zawiera syropu glukozowo-fruktozowego.<\/p>\n","protected":false},"excerpt":{"rendered":"<p>Powsta\u0142a z najlepszego mazurskiego mleka i soczystych, pieczonych jab\u0142ek. Jej smak i aromat to l\u017cejsza alternatywa szarlotki. Ma wszystkie dobroczynne w\u0142a\u015bciwo\u015bci ma\u015blanki i organoleptyczne zalety \u015bwie\u017cego placka jab\u0142kowego. Nie zawiera syropu glukozowo-fruktozowego.<\/p>\n","protected":false},"featured_media":23381,"template":"","meta":[],"product_cat":[107,36,18],"product_tag":[],"_links":{"self":[{"href":"https:\/\/mlekpol.com.pl\/index.php\/wp-json\/wp\/v2\/product\/2335"}],"collection":[{"href":"https:\/\/mlekpol.com.pl\/index.php\/wp-json\/wp\/v2\/product"}],"about":[{"href":"https:\/\/mlekpol.com.pl\/index.php\/wp-json\/wp\/v2\/types\/product"}],"wp:featuredmedia":[{"embeddable":true,"href":"https:\/\/mlekpol.com.pl\/index.php\/wp-json\/wp\/v2\/media\/23381"}],"wp:attachment":[{"href":"https:\/\/mlekpol.com.pl\/index.php\/wp-json\/wp\/v2\/media?parent=2335"}],"wp:term":[{"taxonomy":"product_cat","embeddable":true,"href":"https:\/\/mlekpol.com.pl\/index.php\/wp-json\/wp\/v2\/product_cat?post=2335"},{"taxonomy":"product_tag","embeddable":true,"href":"https:\/\/mlekpol.com.pl\/index.php\/wp-json\/wp\/v2\/product_tag?post=2335"}],"curies":[{"name":"wp","href":"https:\/\/api.w.org\/{rel}","templated":true}]}}