
{"id":2313,"date":"2018-07-31T13:29:37","date_gmt":"2018-07-31T11:29:37","guid":{"rendered":"http:\/\/mlekpol.thinq.pl\/index.php\/produkt\/smietana-somlek-18-2\/"},"modified":"2020-08-03T14:22:22","modified_gmt":"2020-08-03T12:22:22","slug":"smietana-somlek-18-2","status":"publish","type":"product","link":"https:\/\/mlekpol.com.pl\/index.php\/produkt\/smietana-somlek-18-2\/","title":{"rendered":"\u015amietana Somlek 18%"},"content":{"rendered":"<p>Doskona\u0142a \u015bmietana homogenizowana Somlek. Zawiera wy\u0142\u0105cznie naturalne sk\u0142adniki: \u015bmietank\u0119 i \u017cywe kultury bakterii. Bez zag\u0119szczaczy i dodatk\u00f3w. Tradycyjny smak, najwy\u017csza jako\u015b\u0107. W kuchni niezast\u0105piona \u2013 idealna \u015bmietana do zup, deser\u00f3w i jako dodatek do wielu innych potraw.<\/p>\n","protected":false},"excerpt":{"rendered":"<p>Doskona\u0142a \u015bmietana homogenizowana Somlek. Zawiera wy\u0142\u0105cznie naturalne sk\u0142adniki: \u015bmietank\u0119 i \u017cywe kultury bakterii. Bez zag\u0119szczaczy i dodatk\u00f3w. Tradycyjny smak, najwy\u017csza jako\u015b\u0107. W kuchni niezast\u0105piona \u2013 idealna \u015bmietana do zup, deser\u00f3w i jako dodatek do wielu innych potraw.<\/p>\n","protected":false},"featured_media":3552,"template":"","meta":[],"product_cat":[17,554],"product_tag":[],"_links":{"self":[{"href":"https:\/\/mlekpol.com.pl\/index.php\/wp-json\/wp\/v2\/product\/2313"}],"collection":[{"href":"https:\/\/mlekpol.com.pl\/index.php\/wp-json\/wp\/v2\/product"}],"about":[{"href":"https:\/\/mlekpol.com.pl\/index.php\/wp-json\/wp\/v2\/types\/product"}],"wp:featuredmedia":[{"embeddable":true,"href":"https:\/\/mlekpol.com.pl\/index.php\/wp-json\/wp\/v2\/media\/3552"}],"wp:attachment":[{"href":"https:\/\/mlekpol.com.pl\/index.php\/wp-json\/wp\/v2\/media?parent=2313"}],"wp:term":[{"taxonomy":"product_cat","embeddable":true,"href":"https:\/\/mlekpol.com.pl\/index.php\/wp-json\/wp\/v2\/product_cat?post=2313"},{"taxonomy":"product_tag","embeddable":true,"href":"https:\/\/mlekpol.com.pl\/index.php\/wp-json\/wp\/v2\/product_tag?post=2313"}],"curies":[{"name":"wp","href":"https:\/\/api.w.org\/{rel}","templated":true}]}}