
{"id":2271,"date":"2018-07-31T13:28:55","date_gmt":"2018-07-31T11:28:55","guid":{"rendered":"http:\/\/mlekpol.thinq.pl\/index.php\/produkt\/mleko-uht-smakowe-laciate-truskawkowe\/"},"modified":"2025-04-03T01:32:02","modified_gmt":"2025-04-02T23:32:02","slug":"mleko-uht-smakowe-laciate-truskawkowe","status":"publish","type":"product","link":"https:\/\/mlekpol.com.pl\/index.php\/produkt\/mleko-uht-smakowe-laciate-truskawkowe\/","title":{"rendered":"Mleko UHT smakowe \u0141aciate truskawkowe &#8211; 200 ml"},"content":{"rendered":"<p>Pyszne i warto\u015bciowe mleko o smaku truskawkowym. \u0179r\u00f3d\u0142o sk\u0142adnik\u00f3w od\u017cywczych wa\u017cnych dla prawid\u0142owego rozwoju dziecka. Ulubione smaki najm\u0142odszych, w porcji \u201ena raz\u201d. \u015awietnie sprawdzi si\u0119 w szkole \u2013 jako drugie \u015bniadanie, w podr\u00f3\u017cy, podczas zabawy i na spacerze. Wygodne spo\u017cycie u\u0142atwia wygodny kartonik z do\u0142\u0105czon\u0105 s\u0142omk\u0105.<\/p>\n","protected":false},"excerpt":{"rendered":"<p>Pyszne i warto\u015bciowe mleko o smaku truskawkowym. \u0179r\u00f3d\u0142o sk\u0142adnik\u00f3w od\u017cywczych wa\u017cnych dla prawid\u0142owego rozwoju dziecka. Ulubione smaki najm\u0142odszych, w porcji \u201ena raz\u201d. \u015awietnie sprawdzi si\u0119 w szkole \u2013 jako drugie \u015bniadanie, w podr\u00f3\u017cy, podczas zabawy i na spacerze. Wygodne spo\u017cycie u\u0142atwia wygodny kartonik z do\u0142\u0105czon\u0105 s\u0142omk\u0105.<\/p>\n","protected":false},"featured_media":22097,"template":"","meta":[],"product_cat":[16,25,48],"product_tag":[],"_links":{"self":[{"href":"https:\/\/mlekpol.com.pl\/index.php\/wp-json\/wp\/v2\/product\/2271"}],"collection":[{"href":"https:\/\/mlekpol.com.pl\/index.php\/wp-json\/wp\/v2\/product"}],"about":[{"href":"https:\/\/mlekpol.com.pl\/index.php\/wp-json\/wp\/v2\/types\/product"}],"wp:featuredmedia":[{"embeddable":true,"href":"https:\/\/mlekpol.com.pl\/index.php\/wp-json\/wp\/v2\/media\/22097"}],"wp:attachment":[{"href":"https:\/\/mlekpol.com.pl\/index.php\/wp-json\/wp\/v2\/media?parent=2271"}],"wp:term":[{"taxonomy":"product_cat","embeddable":true,"href":"https:\/\/mlekpol.com.pl\/index.php\/wp-json\/wp\/v2\/product_cat?post=2271"},{"taxonomy":"product_tag","embeddable":true,"href":"https:\/\/mlekpol.com.pl\/index.php\/wp-json\/wp\/v2\/product_tag?post=2271"}],"curies":[{"name":"wp","href":"https:\/\/api.w.org\/{rel}","templated":true}]}}