
{"id":21784,"date":"2021-04-22T13:45:38","date_gmt":"2021-04-22T11:45:38","guid":{"rendered":"https:\/\/mlekpol.com.pl?post_type=product&#038;p=21784"},"modified":"2021-05-06T12:04:53","modified_gmt":"2021-05-06T10:04:53","slug":"ser-rolmlecz-ementaler-czarnoleski-plastry","status":"publish","type":"product","link":"https:\/\/mlekpol.com.pl\/index.php\/produkt\/ser-rolmlecz-ementaler-czarnoleski-plastry\/","title":{"rendered":"Ser Rolmlecz ementaler czarnoleski plastry"},"content":{"rendered":"<p>Ser ementaler czarnoleski, to ser typu szwajcarskiego. Jest wy\u015bmienitym dodatkiem do kanapek, sa\u0142atek, zapiekanek oraz wykwintnym urozmaiceniem deski ser\u00f3w. Charakteryzuje si\u0119 nieregularnymi, owalnymi dziurami, kt\u00f3re dodaj\u0105 mu uroku, a wyra\u017any i lekko s\u0142odkawy smak z orzechow\u0105 nut\u0105 to\u00a0jego cecha szczeg\u00f3lna i niepowtarzalna. Ser ementaler czarnoleski marki Rolmlecz dost\u0119pny jest w\u00a0plastrach, w\u00a0wygodnych 150 g opakowaniach z systemem otw\u00f3rz-zamknij, dzi\u0119ki kt\u00f3remu produkt d\u0142u\u017cej utrzymuje \u015bwie\u017co\u015b\u0107.<\/p>\n","protected":false},"excerpt":{"rendered":"<p>Ser ementaler czarnoleski, to ser typu szwajcarskiego. Jest wy\u015bmienitym dodatkiem do kanapek, sa\u0142atek, zapiekanek oraz wykwintnym urozmaiceniem deski ser\u00f3w. Charakteryzuje si\u0119 nieregularnymi, owalnymi dziurami, kt\u00f3re dodaj\u0105 mu uroku, a wyra\u017any i lekko s\u0142odkawy smak z orzechow\u0105 nut\u0105 to\u00a0jego cecha szczeg\u00f3lna i niepowtarzalna. Ser ementaler czarnoleski marki Rolmlecz dost\u0119pny jest w\u00a0plastrach, w\u00a0wygodnych 150 g opakowaniach z [&hellip;]<\/p>\n","protected":false},"featured_media":21763,"template":"","meta":[],"product_cat":[1209,109,24],"product_tag":[],"_links":{"self":[{"href":"https:\/\/mlekpol.com.pl\/index.php\/wp-json\/wp\/v2\/product\/21784"}],"collection":[{"href":"https:\/\/mlekpol.com.pl\/index.php\/wp-json\/wp\/v2\/product"}],"about":[{"href":"https:\/\/mlekpol.com.pl\/index.php\/wp-json\/wp\/v2\/types\/product"}],"wp:featuredmedia":[{"embeddable":true,"href":"https:\/\/mlekpol.com.pl\/index.php\/wp-json\/wp\/v2\/media\/21763"}],"wp:attachment":[{"href":"https:\/\/mlekpol.com.pl\/index.php\/wp-json\/wp\/v2\/media?parent=21784"}],"wp:term":[{"taxonomy":"product_cat","embeddable":true,"href":"https:\/\/mlekpol.com.pl\/index.php\/wp-json\/wp\/v2\/product_cat?post=21784"},{"taxonomy":"product_tag","embeddable":true,"href":"https:\/\/mlekpol.com.pl\/index.php\/wp-json\/wp\/v2\/product_tag?post=21784"}],"curies":[{"name":"wp","href":"https:\/\/api.w.org\/{rel}","templated":true}]}}