
{"id":21310,"date":"2021-01-15T12:57:09","date_gmt":"2021-01-15T11:57:09","guid":{"rendered":"https:\/\/mlekpol.com.pl?post_type=product&#038;p=21310"},"modified":"2022-07-18T18:34:11","modified_gmt":"2022-07-18T16:34:11","slug":"ser-gouda-bez-laktozy-plastry-2","status":"publish","type":"product","link":"https:\/\/mlekpol.com.pl\/index.php\/produkt\/ser-gouda-bez-laktozy-plastry-2\/","title":{"rendered":"Ser Gouda bez laktozy plastry"},"content":{"rendered":"<p>Gouda to ser \u0142agodny w smaku i uniwersalny w zastosowaniu. Wyprodukowany wy\u0142\u0105cznie z naturalnych sk\u0142adnik\u00f3w, charakteryzuje go prosty sk\u0142ad. Znakomicie sprawdzi si\u0119 nie tylko jako pyszny dodatek do pieczywa, ale tak\u017ce jako przek\u0105ska, nowoczesna przystawka czy sk\u0142adnik zapiekanek. Dost\u0119pny w wersji bez laktozy sprawia, \u017ce osoby nietoleruj\u0105ce tego mlecznego cukru, a ceni\u0105ce i lubi\u0105ce smak sera, nie musz\u0105 z niego zrezygnowa\u0107 w swojej diecie i mog\u0105 cieszy\u0107 si\u0119 w pe\u0142ni warto\u015bciami od\u017cywczymi nabia\u0142u.<br \/>\nWaga 150 g<\/p>\n","protected":false},"excerpt":{"rendered":"<p>Gouda to ser \u0142agodny w smaku i uniwersalny w zastosowaniu. Wyprodukowany wy\u0142\u0105cznie z naturalnych sk\u0142adnik\u00f3w, charakteryzuje go prosty sk\u0142ad. Znakomicie sprawdzi si\u0119 nie tylko jako pyszny dodatek do pieczywa, ale tak\u017ce jako przek\u0105ska, nowoczesna przystawka czy sk\u0142adnik zapiekanek. Dost\u0119pny w wersji bez laktozy sprawia, \u017ce osoby nietoleruj\u0105ce tego mlecznego cukru, a ceni\u0105ce i lubi\u0105ce smak [&hellip;]<\/p>\n","protected":false},"featured_media":23554,"template":"","meta":[],"product_cat":[327,179,558,1209,24],"product_tag":[],"_links":{"self":[{"href":"https:\/\/mlekpol.com.pl\/index.php\/wp-json\/wp\/v2\/product\/21310"}],"collection":[{"href":"https:\/\/mlekpol.com.pl\/index.php\/wp-json\/wp\/v2\/product"}],"about":[{"href":"https:\/\/mlekpol.com.pl\/index.php\/wp-json\/wp\/v2\/types\/product"}],"wp:featuredmedia":[{"embeddable":true,"href":"https:\/\/mlekpol.com.pl\/index.php\/wp-json\/wp\/v2\/media\/23554"}],"wp:attachment":[{"href":"https:\/\/mlekpol.com.pl\/index.php\/wp-json\/wp\/v2\/media?parent=21310"}],"wp:term":[{"taxonomy":"product_cat","embeddable":true,"href":"https:\/\/mlekpol.com.pl\/index.php\/wp-json\/wp\/v2\/product_cat?post=21310"},{"taxonomy":"product_tag","embeddable":true,"href":"https:\/\/mlekpol.com.pl\/index.php\/wp-json\/wp\/v2\/product_tag?post=21310"}],"curies":[{"name":"wp","href":"https:\/\/api.w.org\/{rel}","templated":true}]}}