
{"id":20153,"date":"2020-04-09T09:43:23","date_gmt":"2020-04-09T07:43:23","guid":{"rendered":"https:\/\/mlekpol.com.pl?post_type=product&#038;p=20153"},"modified":"2023-06-22T01:05:02","modified_gmt":"2023-06-21T23:05:02","slug":"twarogu-mazurski-smak-bez-laktozy-poltlusty-klinek","status":"publish","type":"product","link":"https:\/\/mlekpol.com.pl\/index.php\/produkt\/twarogu-mazurski-smak-bez-laktozy-poltlusty-klinek\/","title":{"rendered":"Twar\u00f3g Mazurski Smak bez laktozy p\u00f3\u0142t\u0142usty klinek"},"content":{"rendered":"<p>Twar\u00f3g p\u00f3\u0142t\u0142usty bez laktozy to znakomite rozwi\u0105zanie dla konsument\u00f3w nietoleruj\u0105cych cukru mlecznego. Twar\u00f3g Mazurski Smak to naturalny twar\u00f3g wytwarzany na podstawie tradycyjnych receptur z najlepszego mazurskiego mleka. Dzi\u0119ki zastosowaniu enzymu laktazy, zawarta w mleku\u00a0 laktoza zosta\u0142a roz\u0142o\u017cona, przy zachowaniu pe\u0142nej warto\u015bci od\u017cywczej i walor\u00f3w smakowych produktu.\u00a0 Twar\u00f3g p\u00f3\u0142t\u0142usty Mazurski Smak bez laktozy to smaczne samodzielne danie, dodatek do potraw, wspania\u0142a baza deser\u00f3w i sernik\u00f3w.<\/p>\n<p>Twar\u00f3g o gramaturze 250 gram\u00f3w oferowany jest w praktycznym zamykanym pude\u0142ku.<\/p>\n","protected":false},"excerpt":{"rendered":"<p>Twar\u00f3g p\u00f3\u0142t\u0142usty bez laktozy to znakomite rozwi\u0105zanie dla konsument\u00f3w nietoleruj\u0105cych cukru mlecznego. Twar\u00f3g Mazurski Smak to naturalny twar\u00f3g wytwarzany na podstawie tradycyjnych receptur z najlepszego mazurskiego mleka. Dzi\u0119ki zastosowaniu enzymu laktazy, zawarta w mleku\u00a0 laktoza zosta\u0142a roz\u0142o\u017cona, przy zachowaniu pe\u0142nej warto\u015bci od\u017cywczej i walor\u00f3w smakowych produktu.\u00a0 Twar\u00f3g p\u00f3\u0142t\u0142usty Mazurski Smak bez laktozy to smaczne samodzielne [&hellip;]<\/p>\n","protected":false},"featured_media":25064,"template":"","meta":[],"product_cat":[327,105,40,21],"product_tag":[],"_links":{"self":[{"href":"https:\/\/mlekpol.com.pl\/index.php\/wp-json\/wp\/v2\/product\/20153"}],"collection":[{"href":"https:\/\/mlekpol.com.pl\/index.php\/wp-json\/wp\/v2\/product"}],"about":[{"href":"https:\/\/mlekpol.com.pl\/index.php\/wp-json\/wp\/v2\/types\/product"}],"wp:featuredmedia":[{"embeddable":true,"href":"https:\/\/mlekpol.com.pl\/index.php\/wp-json\/wp\/v2\/media\/25064"}],"wp:attachment":[{"href":"https:\/\/mlekpol.com.pl\/index.php\/wp-json\/wp\/v2\/media?parent=20153"}],"wp:term":[{"taxonomy":"product_cat","embeddable":true,"href":"https:\/\/mlekpol.com.pl\/index.php\/wp-json\/wp\/v2\/product_cat?post=20153"},{"taxonomy":"product_tag","embeddable":true,"href":"https:\/\/mlekpol.com.pl\/index.php\/wp-json\/wp\/v2\/product_tag?post=20153"}],"curies":[{"name":"wp","href":"https:\/\/api.w.org\/{rel}","templated":true}]}}