
{"id":19540,"date":"2019-09-26T15:18:07","date_gmt":"2019-09-26T13:18:07","guid":{"rendered":"https:\/\/mlekpol.com.pl?post_type=product&#038;p=19540"},"modified":"2020-06-02T12:52:59","modified_gmt":"2020-06-02T10:52:59","slug":"maslanka-w-proszku-25-kg","status":"publish","type":"product","link":"https:\/\/mlekpol.com.pl\/index.php\/produkt\/maslanka-w-proszku-25-kg\/","title":{"rendered":"Ma\u015blanka w proszku"},"content":{"rendered":"<p class=\"Standard\" style=\"line-height: 150%;\"><span lang=\"PL\" style=\"font-size: 14pt; line-height: 150%; color: #000000;\">Ma\u015blanka w proszku wyprodukowana ze s\u0142odkiej pasteryzowanej ma\u015blanki pozyskanej przy produkcji mas\u0142a, poddana odparowaniu i wysuszeniu. Wykorzystywana jest w przemy\u015ble spo\u017cywczym mi\u0119dzy innymi w piekarnictwie i cukiernictwie. Produkt dost\u0119pny jest w 25 kilogramowych workach.<\/span><\/p>\n","protected":false},"excerpt":{"rendered":"<p>Ma\u015blanka w proszku wyprodukowana ze s\u0142odkiej pasteryzowanej ma\u015blanki pozyskanej przy produkcji mas\u0142a, poddana odparowaniu i wysuszeniu. Wykorzystywana jest w przemy\u015ble spo\u017cywczym mi\u0119dzy innymi w piekarnictwie i cukiernictwie. Produkt dost\u0119pny jest w 25 kilogramowych workach.<\/p>\n","protected":false},"featured_media":19543,"template":"","meta":[],"product_cat":[999],"product_tag":[],"_links":{"self":[{"href":"https:\/\/mlekpol.com.pl\/index.php\/wp-json\/wp\/v2\/product\/19540"}],"collection":[{"href":"https:\/\/mlekpol.com.pl\/index.php\/wp-json\/wp\/v2\/product"}],"about":[{"href":"https:\/\/mlekpol.com.pl\/index.php\/wp-json\/wp\/v2\/types\/product"}],"wp:featuredmedia":[{"embeddable":true,"href":"https:\/\/mlekpol.com.pl\/index.php\/wp-json\/wp\/v2\/media\/19543"}],"wp:attachment":[{"href":"https:\/\/mlekpol.com.pl\/index.php\/wp-json\/wp\/v2\/media?parent=19540"}],"wp:term":[{"taxonomy":"product_cat","embeddable":true,"href":"https:\/\/mlekpol.com.pl\/index.php\/wp-json\/wp\/v2\/product_cat?post=19540"},{"taxonomy":"product_tag","embeddable":true,"href":"https:\/\/mlekpol.com.pl\/index.php\/wp-json\/wp\/v2\/product_tag?post=19540"}],"curies":[{"name":"wp","href":"https:\/\/api.w.org\/{rel}","templated":true}]}}