
{"id":19346,"date":"2019-07-09T14:31:39","date_gmt":"2019-07-09T12:31:39","guid":{"rendered":"https:\/\/mlekpol.com.pl?post_type=product&#038;p=19346"},"modified":"2023-04-13T13:33:04","modified_gmt":"2023-04-13T11:33:04","slug":"mleko-laciate-bez-laktozy-32","status":"publish","type":"product","link":"https:\/\/mlekpol.com.pl\/index.php\/produkt\/mleko-laciate-bez-laktozy-32\/","title":{"rendered":"Mleko \u0141aciate bez laktozy 3,2% &#8211; 1 l"},"content":{"rendered":"<p style=\"margin-bottom: 7.95pt; line-height: 106%;\"><span lang=\"PL\">Idealne mleko dla os\u00f3b z\u00a0nietolerancj\u0105 pokarmow\u0105 cukru mlecznego. Dzi\u0119ki specjalnemu procesowi z u\u017cyciem enzymu laktazy, zawarty w mleku cukier mleczny jest rozk\u0142adany, a w\u0142a\u015bciwo\u015bci produktu pozostaj\u0105 niezmienione. Mleko \u0141aciate bez laktozy to pe\u0142nowarto\u015bciowe mleko, doskona\u0142e \u017ar\u00f3d\u0142o wapnia i\u00a0bia\u0142ka. Zastosowanie nowoczesnej technologii, pozwala zachowa\u0107 naturalny kolor produktu.<\/span><\/p>\n<p style=\"margin-bottom: 7.95pt; line-height: 106%;\"><span lang=\"PL\">\u0141aciate bez laktozy o zawarto\u015bci t\u0142uszczu 3,2% oferowane jest przez Mlekpol w 1 litrowym kartonie. <\/span><\/p>\n","protected":false},"excerpt":{"rendered":"<p>Idealne mleko dla os\u00f3b z\u00a0nietolerancj\u0105 pokarmow\u0105 cukru mlecznego. Dzi\u0119ki specjalnemu procesowi z u\u017cyciem enzymu laktazy, zawarty w mleku cukier mleczny jest rozk\u0142adany, a w\u0142a\u015bciwo\u015bci produktu pozostaj\u0105 niezmienione. Mleko \u0141aciate bez laktozy to pe\u0142nowarto\u015bciowe mleko, doskona\u0142e \u017ar\u00f3d\u0142o wapnia i\u00a0bia\u0142ka. Zastosowanie nowoczesnej technologii, pozwala zachowa\u0107 naturalny kolor produktu. \u0141aciate bez laktozy o zawarto\u015bci t\u0142uszczu 3,2% oferowane jest [&hellip;]<\/p>\n","protected":false},"featured_media":20796,"template":"","meta":[],"product_cat":[327,16],"product_tag":[],"_links":{"self":[{"href":"https:\/\/mlekpol.com.pl\/index.php\/wp-json\/wp\/v2\/product\/19346"}],"collection":[{"href":"https:\/\/mlekpol.com.pl\/index.php\/wp-json\/wp\/v2\/product"}],"about":[{"href":"https:\/\/mlekpol.com.pl\/index.php\/wp-json\/wp\/v2\/types\/product"}],"wp:featuredmedia":[{"embeddable":true,"href":"https:\/\/mlekpol.com.pl\/index.php\/wp-json\/wp\/v2\/media\/20796"}],"wp:attachment":[{"href":"https:\/\/mlekpol.com.pl\/index.php\/wp-json\/wp\/v2\/media?parent=19346"}],"wp:term":[{"taxonomy":"product_cat","embeddable":true,"href":"https:\/\/mlekpol.com.pl\/index.php\/wp-json\/wp\/v2\/product_cat?post=19346"},{"taxonomy":"product_tag","embeddable":true,"href":"https:\/\/mlekpol.com.pl\/index.php\/wp-json\/wp\/v2\/product_tag?post=19346"}],"curies":[{"name":"wp","href":"https:\/\/api.w.org\/{rel}","templated":true}]}}