
{"id":18991,"date":"2019-03-21T12:51:56","date_gmt":"2019-03-21T11:51:56","guid":{"rendered":"https:\/\/mlekpol.com.pl?post_type=product&#038;p=18991"},"modified":"2023-04-13T13:36:43","modified_gmt":"2023-04-13T11:36:43","slug":"mleko-uht-zageszczone-laciate","status":"publish","type":"product","link":"https:\/\/mlekpol.com.pl\/index.php\/produkt\/mleko-uht-zageszczone-laciate\/","title":{"rendered":"Mleko UHT zag\u0119szczone \u0141aciate &#8211; 1 l"},"content":{"rendered":"<p>Zag\u0119szczone mleko \u0141aciate to pyszny, naturalnie s\u0142odki produkt, kt\u00f3ry powstaje w procesie \u00a0cz\u0119\u015bciowego usuwania wody z mleka. Mleko zag\u0119szczone \u00a0\u0141aciate posiada szereg warto\u015bci od\u017cywczych i \u00a0jest bogate w bia\u0142ko. Dzi\u0119ki odpowiedniemu procesowi technologicznemu oraz aseptycznemu pakowaniu jest produktem trwa\u0142ym, nie wymagaj\u0105cym przechowywania w lod\u00f3wce. Mleko zag\u0119szczone \u0141aciate jest produktem nies\u0142odzonym o zawarto\u015bci t\u0142uszczu 7,5%.<\/p>\n","protected":false},"excerpt":{"rendered":"<p>Zag\u0119szczone mleko \u0141aciate to pyszny, naturalnie s\u0142odki produkt, kt\u00f3ry powstaje w procesie \u00a0cz\u0119\u015bciowego usuwania wody z mleka. Mleko zag\u0119szczone \u00a0\u0141aciate posiada szereg warto\u015bci od\u017cywczych i \u00a0jest bogate w bia\u0142ko. Dzi\u0119ki odpowiedniemu procesowi technologicznemu oraz aseptycznemu pakowaniu jest produktem trwa\u0142ym, nie wymagaj\u0105cym przechowywania w lod\u00f3wce. Mleko zag\u0119szczone \u0141aciate jest produktem nies\u0142odzonym o zawarto\u015bci t\u0142uszczu 7,5%.<\/p>\n","protected":false},"featured_media":24467,"template":"","meta":[],"product_cat":[16,28,48],"product_tag":[],"_links":{"self":[{"href":"https:\/\/mlekpol.com.pl\/index.php\/wp-json\/wp\/v2\/product\/18991"}],"collection":[{"href":"https:\/\/mlekpol.com.pl\/index.php\/wp-json\/wp\/v2\/product"}],"about":[{"href":"https:\/\/mlekpol.com.pl\/index.php\/wp-json\/wp\/v2\/types\/product"}],"wp:featuredmedia":[{"embeddable":true,"href":"https:\/\/mlekpol.com.pl\/index.php\/wp-json\/wp\/v2\/media\/24467"}],"wp:attachment":[{"href":"https:\/\/mlekpol.com.pl\/index.php\/wp-json\/wp\/v2\/media?parent=18991"}],"wp:term":[{"taxonomy":"product_cat","embeddable":true,"href":"https:\/\/mlekpol.com.pl\/index.php\/wp-json\/wp\/v2\/product_cat?post=18991"},{"taxonomy":"product_tag","embeddable":true,"href":"https:\/\/mlekpol.com.pl\/index.php\/wp-json\/wp\/v2\/product_tag?post=18991"}],"curies":[{"name":"wp","href":"https:\/\/api.w.org\/{rel}","templated":true}]}}