
{"id":25102,"date":"2023-06-30T01:04:01","date_gmt":"2023-06-29T23:04:01","guid":{"rendered":"https:\/\/mlekpol.com.pl\/?page_id=25102"},"modified":"2025-01-21T11:10:09","modified_gmt":"2025-01-21T10:10:09","slug":"zgloszenie-konsumenta","status":"publish","type":"page","link":"https:\/\/mlekpol.com.pl\/index.php\/kontakt\/zgloszenie-konsumenta\/","title":{"rendered":"Zg\u0142oszenie klienta indywidualnego"},"content":{"rendered":"\n<div class=\"wpcf7 no-js\" id=\"wpcf7-f25106-o1\" lang=\"pl-PL\" dir=\"ltr\">\n<div class=\"screen-reader-response\"><p role=\"status\" aria-live=\"polite\" aria-atomic=\"true\"><\/p> <ul><\/ul><\/div>\n<form action=\"\/index.php\/wp-json\/wp\/v2\/pages\/25102#wpcf7-f25106-o1\" method=\"post\" class=\"wpcf7-form init\" aria-label=\"Formularz kontaktowy\" novalidate=\"novalidate\" data-status=\"init\">\n<div style=\"display: none;\">\n<input type=\"hidden\" name=\"_wpcf7\" value=\"25106\" \/>\n<input type=\"hidden\" name=\"_wpcf7_version\" value=\"5.7.7\" \/>\n<input type=\"hidden\" name=\"_wpcf7_locale\" value=\"pl_PL\" \/>\n<input type=\"hidden\" name=\"_wpcf7_unit_tag\" value=\"wpcf7-f25106-o1\" \/>\n<input type=\"hidden\" name=\"_wpcf7_container_post\" value=\"0\" \/>\n<input type=\"hidden\" name=\"_wpcf7_posted_data_hash\" value=\"\" \/>\n<\/div>\n<div class=\"formularz-aplikacji formularz-reklamacji\">\n\t<div class='item message review-hiden center' style='width:100%'>\n\t\t<p><strong>Termin przydatno\u015bci do spo\u017cycia \/ data minimalnej trwa\u0142o\u015bci oraz numer partii prosimy uwzgl\u0119dni\u0107 na za\u0142\u0105czonych zdj\u0119ciach.<\/strong>\n\t\t<\/p>\n\t<\/div>\n\t<div class=\"item message\"  style='width:100%'>\n\t\t<p><span style=\"padding-right: 20px;\">Rodzaj zg\u0142oszenia<\/span><span class=\"wpcf7-form-control-wrap\" data-name=\"type\"><select class=\"wpcf7-form-control wpcf7-select wpcf7-validates-as-required\" aria-required=\"true\" aria-invalid=\"false\" name=\"type\"><option value=\"\">&#8212;Prosz\u0119 wybra\u0107 opcj\u0119&#8212;<\/option><option value=\"reklamacja\">reklamacja<\/option><option value=\"pytanie\/opinia\">pytanie\/opinia<\/option><\/select><\/span>\n\t\t<\/p>\n\t<\/div>\n\t<div class=\"item\" style='width:100%'>\n\t\t<p><span class=\"wpcf7-form-control-wrap\" data-name=\"contact-name\"><input size=\"40\" class=\"wpcf7-form-control wpcf7-text wpcf7-validates-as-required\" aria-required=\"true\" aria-invalid=\"false\" placeholder=\"Imi\u0119 i nazwisko\" value=\"\" type=\"text\" name=\"contact-name\" \/><\/span>\n\t\t<\/p>\n\t<\/div>\n\t<div class=\"item\">\n\t\t<p><span class=\"wpcf7-form-control-wrap\" data-name=\"contact-email\"><input size=\"40\" class=\"wpcf7-form-control wpcf7-text wpcf7-email wpcf7-validates-as-required wpcf7-validates-as-email\" aria-required=\"true\" aria-invalid=\"false\" placeholder=\"E-mail\" value=\"\" type=\"email\" name=\"contact-email\" \/><\/span>\n\t\t<\/p>\n\t<\/div>\n\t<div class=\"item\">\n\t\t<p><span class=\"wpcf7-form-control-wrap\" data-name=\"contact-phone\"><input size=\"40\" class=\"wpcf7-form-control wpcf7-text wpcf7-validates-as-required\" aria-required=\"true\" aria-invalid=\"false\" placeholder=\"Nr telefonu\" value=\"\" type=\"text\" name=\"contact-phone\" \/><\/span>\n\t\t<\/p>\n\t<\/div>\n\t<div class=\"item review-hiden\" style='width:100%'>\n\t\t<p><span class=\"wpcf7-form-control-wrap\" data-name=\"address\"><textarea cols=\"40\" rows=\"3\" class=\"wpcf7-form-control wpcf7-textarea\" aria-invalid=\"false\" placeholder=\"Adres konsumenta\" name=\"address\"><\/textarea><\/span>\n\t\t<\/p>\n\t<\/div>\n\t<div class=\"item\">\n\t\t<p><span class=\"wpcf7-form-control-wrap\" data-name=\"article\"><input size=\"40\" class=\"wpcf7-form-control wpcf7-text wpcf7-validates-as-required\" aria-required=\"true\" aria-invalid=\"false\" placeholder=\"Artyku\u0142\" value=\"\" type=\"text\" name=\"article\" \/><\/span>\n\t\t<\/p>\n\t<\/div>\n\t<div class=\"item review-hiden\">\n\t\t<p><span class=\"wpcf7-form-control-wrap\" data-name=\"qty\"><input size=\"40\" class=\"wpcf7-form-control wpcf7-text\" aria-invalid=\"false\" placeholder=\"Ilo\u015b\u0107 reklamowanych produkt\u00f3w\" value=\"\" type=\"text\" name=\"qty\" \/><\/span>\n\t\t<\/p>\n\t<\/div>\n\t<div class=\"item review-hiden\" style='width:100%'>\n\t\t<p><span class=\"wpcf7-form-control-wrap\" data-name=\"reason\"><textarea cols=\"40\" rows=\"3\" class=\"wpcf7-form-control wpcf7-textarea\" aria-invalid=\"false\" placeholder=\"Pow\u00f3d\" name=\"reason\"><\/textarea><\/span>\n\t\t<\/p>\n\t<\/div>\n\t<div class=\"item review-hiden\" style='width:100%'>\n\t\t<p><span class=\"wpcf7-form-control-wrap\" data-name=\"place\"><textarea cols=\"40\" rows=\"3\" class=\"wpcf7-form-control wpcf7-textarea\" aria-invalid=\"false\" placeholder=\"Miejsce zakupu \/ adres sklepu\" name=\"place\"><\/textarea><\/span>\n\t\t<\/p>\n\t<\/div>\n\t<div class=\"item review-hiden\">\n\t\t<p><span style=\"padding-right: 20px;\">Czy klient posiada reklamowany produkt<\/span><span class=\"wpcf7-form-control-wrap\" data-name=\"have_product\"><span class=\"wpcf7-form-control wpcf7-radio\" id=\"have_product\"><span class=\"wpcf7-list-item first\"><label><input type=\"radio\" name=\"have_product\" value=\"Nie\" checked=\"checked\" \/><span class=\"wpcf7-list-item-label\">Nie<\/span><\/label><\/span><span class=\"wpcf7-list-item last\"><label><input type=\"radio\" name=\"have_product\" value=\"Tak\" \/><span class=\"wpcf7-list-item-label\">Tak<\/span><\/label><\/span><\/span><\/span>\n\t\t<\/p>\n\t<\/div>\n\t<div class=\"item message\" style='width:100%'>\n\t\t<p><span class=\"wpcf7-form-control-wrap\" data-name=\"description\"><textarea cols=\"40\" rows=\"10\" class=\"wpcf7-form-control wpcf7-textarea wpcf7-validates-as-required\" aria-required=\"true\" aria-invalid=\"false\" placeholder=\"Opis\" name=\"description\"><\/textarea><\/span>\n\t\t<\/p>\n\t<\/div>\n\t<div class=\"item review-hiden\">\n\t\t<p><span class=\"wpcf7-form-control-wrap\" data-name=\"exp_date\"><input size=\"40\" class=\"wpcf7-form-control wpcf7-text\" aria-invalid=\"false\" placeholder=\"Data przydatno\u015bci\" value=\"\" type=\"text\" name=\"exp_date\" \/><\/span>\n\t\t<\/p>\n\t<\/div>\n\t<div class=\"item review-hiden\">\n\t\t<p><span class=\"wpcf7-form-control-wrap\" data-name=\"lot\"><input size=\"40\" class=\"wpcf7-form-control wpcf7-text\" aria-invalid=\"false\" placeholder=\"Partia\" value=\"\" type=\"text\" name=\"lot\" \/><\/span>\n\t\t<\/p>\n\t<\/div>\n\t<div class='item message review-hiden center' style='width:100%'>\n\t\t<p><strong>Termin przydatno\u015bci do spo\u017cycia \/ data minimalnej trwa\u0142o\u015bci oraz numer partii prosimy uwzgl\u0119dni\u0107 na za\u0142\u0105czonych zdj\u0119ciach.<\/strong>\n\t\t<\/p>\n\t<\/div>\n\t<div class=\"file-upload-custom\" style='margin-left: 40px'>\n\t\t<p><label><\/label><span style='cursor:pointer' data-input-id=\"multipleFileUpload\" class=\"roundBtn _custom_multiple_file_upload\">Za\u0142\u0105cz zdj\u0119cia<\/span>\n\t\t<\/p>\n\t\t<p style='font-size:14px; margin-top:-23px; margin-left:215px'>Waga zdj\u0119cia (*.jpg, *.jepg, *.png) nie mo\u017ce przekroczy\u0107 15 MB\n\t\t<\/p>\n\t\t<p><span class=\"_fileName_formImage\"><\/span>\n\t\t<\/p>\n\t\t<div class='multiple-file-upload-plugin'>\n\t\t\t<p><span data-input-id='multiple-image' class='_custom_multiple_plugin'><span class=\"wpcf7-form-control-wrap\" data-name=\"multipleFileUpload\"><input size=\"40\" class=\"wpcf7-form-control wpcf7-drag-n-drop-file d-none\" id=\"multipleFileUpload\" aria-invalid=\"false\" type=\"file\" multiple=\"multiple\" data-name=\"multipleFileUpload\" data-type=\"jpeg|png|jpg\" data-limit=\"15728640\" data-id=\"25106\" data-version=\"free version 1.3.6.9\" accept=\".jpeg, .png, .jpg\" \/><\/span><\/span>\n\t\t\t<\/p>\n\t\t<\/div>\n\t\t<div class='item mock'>\n\t\t<\/div>\n\t<\/div>\n\t<div class='item agreement' style='width:100%'>\n\t\t<p><span class=\"agreement-item chkbox\"><span class=\"wpcf7-form-control-wrap\" data-name=\"agreement\"><span class=\"wpcf7-form-control wpcf7-acceptance\"><span class=\"wpcf7-list-item\"><input type=\"checkbox\" name=\"agreement\" value=\"1\" aria-invalid=\"false\" \/><\/span><\/span><\/span><\/span><span class=\"agreement-item link-text\">Wyra\u017cam zgod\u0119 na przetwarzanie moich danych osobowych przez Sp\u00f3\u0142dzielni\u0119 Mleczarsk\u0105 \"MLEKPOL\" z siedzib\u0105 w Grajewie, zgodnie z RODO, w celu rozpatrzenia reklamacji produktu podanego w formularzu. Pe\u0142ne informacje o przetwarzaniu danych osobowych znajduj\u0105 si\u0119 w naszej <a href=\"https:\/\/mlekpol.com.pl\/index.php\/polityka-prywatnosci\/\" target=\"_blank\">Polityce prywatno\u015bci.<\/a><br \/>\n<\/span>\n\t\t<\/p>\n\t<\/div>\n\t<div class='item required-form-text'>\n\t\t<p><span class='text'>*wymagane pola<\/span>\n\t\t<\/p>\n\t<\/div>\n\t<div class='item center' style='width:100%'>\n\t<input class=\"wpcf7-form-control wpcf7-hidden\" value=\"\" type=\"hidden\" name=\"form_personal\" \/>\n\t<\/div>\n\t<div class='item center' style='width:100%'>\n\t\t<p><input class=\"wpcf7-form-control has-spinner wpcf7-submit roundBtn sendBtn\" type=\"submit\" value=\"Wy\u015blij zg\u0142oszenie\" \/>\n\t\t<\/p>\n\t<\/div>\n\t<div class='item mock'>\n\t<\/div>\n<\/div><p style=\"display: none !important;\"><label>&#916;<textarea name=\"_wpcf7_ak_hp_textarea\" cols=\"45\" rows=\"8\" maxlength=\"100\"><\/textarea><\/label><input type=\"hidden\" id=\"ak_js_1\" name=\"_wpcf7_ak_js\" value=\"2\"\/><script>document.getElementById( \"ak_js_1\" ).setAttribute( \"value\", ( new Date() ).getTime() );<\/script><\/p><div class=\"wpcf7-response-output\" aria-hidden=\"true\"><\/div>\n<\/form>\n<\/div>\n\n","protected":false},"excerpt":{"rendered":"","protected":false},"author":1,"featured_media":0,"parent":254,"menu_order":0,"comment_status":"closed","ping_status":"closed","template":"StronaKontaktu.php","meta":[],"_links":{"self":[{"href":"https:\/\/mlekpol.com.pl\/index.php\/wp-json\/wp\/v2\/pages\/25102"}],"collection":[{"href":"https:\/\/mlekpol.com.pl\/index.php\/wp-json\/wp\/v2\/pages"}],"about":[{"href":"https:\/\/mlekpol.com.pl\/index.php\/wp-json\/wp\/v2\/types\/page"}],"author":[{"embeddable":true,"href":"https:\/\/mlekpol.com.pl\/index.php\/wp-json\/wp\/v2\/users\/1"}],"replies":[{"embeddable":true,"href":"https:\/\/mlekpol.com.pl\/index.php\/wp-json\/wp\/v2\/comments?post=25102"}],"version-history":[{"count":5,"href":"https:\/\/mlekpol.com.pl\/index.php\/wp-json\/wp\/v2\/pages\/25102\/revisions"}],"predecessor-version":[{"id":29736,"href":"https:\/\/mlekpol.com.pl\/index.php\/wp-json\/wp\/v2\/pages\/25102\/revisions\/29736"}],"up":[{"embeddable":true,"href":"https:\/\/mlekpol.com.pl\/index.php\/wp-json\/wp\/v2\/pages\/254"}],"wp:attachment":[{"href":"https:\/\/mlekpol.com.pl\/index.php\/wp-json\/wp\/v2\/media?parent=25102"}],"curies":[{"name":"wp","href":"https:\/\/api.w.org\/{rel}","templated":true}]}}