
{"id":1210,"date":"2018-06-25T12:53:14","date_gmt":"2018-06-25T10:53:14","guid":{"rendered":"http:\/\/mlekpol.thinq.pl\/?page_id=1210"},"modified":"2026-01-27T10:31:47","modified_gmt":"2026-01-27T09:31:47","slug":"wiadomosci","status":"publish","type":"page","link":"https:\/\/mlekpol.com.pl\/index.php\/producenci-mleka\/wiadomosci\/","title":{"rendered":"Wiadomo\u015bci"},"content":{"rendered":"<p><img decoding=\"async\" loading=\"lazy\" class=\"aligncenter size-full wp-image-25293\" src=\"https:\/\/mlekpol.com.pl\/wp-content\/uploads\/2023\/08\/sklep.png\" alt=\"\" width=\"993\" height=\"686\" srcset=\"https:\/\/mlekpol.com.pl\/wp-content\/uploads\/2023\/08\/sklep.png 993w, https:\/\/mlekpol.com.pl\/wp-content\/uploads\/2023\/08\/sklep-300x207.png 300w, https:\/\/mlekpol.com.pl\/wp-content\/uploads\/2023\/08\/sklep-768x531.png 768w, https:\/\/mlekpol.com.pl\/wp-content\/uploads\/2023\/08\/sklep-416x287.png 416w, https:\/\/mlekpol.com.pl\/wp-content\/uploads\/2023\/08\/sklep-64x44.png 64w\" sizes=\"(max-width: 993px) 100vw, 993px\" \/><img decoding=\"async\" loading=\"lazy\" class=\"aligncenter size-full wp-image-25293\" src=\"https:\/\/mlekpol.com.pl\/wp-content\/uploads\/2023\/08\/sklep.png\" alt=\"\" width=\"993\" height=\"686\" srcset=\"https:\/\/mlekpol.com.pl\/wp-content\/uploads\/2023\/08\/sklep.png 993w, https:\/\/mlekpol.com.pl\/wp-content\/uploads\/2023\/08\/sklep-300x207.png 300w, https:\/\/mlekpol.com.pl\/wp-content\/uploads\/2023\/08\/sklep-768x531.png 768w, https:\/\/mlekpol.com.pl\/wp-content\/uploads\/2023\/08\/sklep-416x287.png 416w, https:\/\/mlekpol.com.pl\/wp-content\/uploads\/2023\/08\/sklep-64x44.png 64w\" sizes=\"(max-width: 993px) 100vw, 993px\" \/><img decoding=\"async\" loading=\"lazy\" class=\"aligncenter size-full wp-image-25293\" src=\"https:\/\/mlekpol.com.pl\/wp-content\/uploads\/2023\/08\/sklep.png\" alt=\"\" width=\"993\" height=\"686\" srcset=\"https:\/\/mlekpol.com.pl\/wp-content\/uploads\/2023\/08\/sklep.png 993w, https:\/\/mlekpol.com.pl\/wp-content\/uploads\/2023\/08\/sklep-300x207.png 300w, https:\/\/mlekpol.com.pl\/wp-content\/uploads\/2023\/08\/sklep-768x531.png 768w, https:\/\/mlekpol.com.pl\/wp-content\/uploads\/2023\/08\/sklep-416x287.png 416w, https:\/\/mlekpol.com.pl\/wp-content\/uploads\/2023\/08\/sklep-64x44.png 64w\" sizes=\"(max-width: 993px) 100vw, 993px\" \/><img decoding=\"async\" loading=\"lazy\" class=\"aligncenter size-full wp-image-25293\" src=\"https:\/\/mlekpol.com.pl\/wp-content\/uploads\/2023\/08\/sklep.png\" alt=\"\" width=\"993\" height=\"686\" srcset=\"https:\/\/mlekpol.com.pl\/wp-content\/uploads\/2023\/08\/sklep.png 993w, https:\/\/mlekpol.com.pl\/wp-content\/uploads\/2023\/08\/sklep-300x207.png 300w, https:\/\/mlekpol.com.pl\/wp-content\/uploads\/2023\/08\/sklep-768x531.png 768w, https:\/\/mlekpol.com.pl\/wp-content\/uploads\/2023\/08\/sklep-416x287.png 416w, https:\/\/mlekpol.com.pl\/wp-content\/uploads\/2023\/08\/sklep-64x44.png 64w\" sizes=\"(max-width: 993px) 100vw, 993px\" \/><\/p>\n<h3>Bez GMO<\/h3>\n<p>W zwi\u0105zku z rozpocz\u0119ciem od dnia 1.07.2017r funkcjonowania \u201eProgramu produkcji mleka przy u\u017cyciu w \u017cywieniu byd\u0142a pasz nie zawieraj\u0105cych GMO&#8221;, Sp\u00f3\u0142dzielnia Mleczarska Mlekpol w Grajewie przekaza\u0142a Pa\u0144stwu przez kierowc\u00f3w odbieraj\u0105cych mleko z gospodarstwa, REFERENCYJN\u0104 LIST\u0118 PASZ. Dodatkowo w za\u0142\u0105czeniu przekazujemy aktualn\u0105 list\u0119.<\/p>\n<p>&nbsp;<\/p>\n<p>Je\u017celi maj\u0105 Pa\u0144stwo pytania dotycz\u0105ce funkcjonowania programu prosimy o kontakt z Dzia\u0142ami Skupu SM \u201eMLEKPOL&#8221;:<\/p>\n<p>&nbsp;<\/p>\n<p>OZPM Bydgoszcz tel. (52) 582 72 16; OZPM Radom tel. (48) 341 54 93; OZPM Mr\u0105gowo (89) 741 96 20, OZPM Kolno tel. (86) 272 08 12; OZPM Zambr\u00f3w tel. (86) 270 85 54; OZPM Sok\u00f3\u0142ka tel.(85) 711 64 60; OZPM Sejny tel. (87) 562 03 26; OZPM Suwa\u0142ki tel. (87) 564 23 75; OZPM Grajewo tel.(86) 273 04 07; tel.(86) 273 04 31; tel.(86) 273 04 24;<\/p>\n<p>&nbsp;<\/p>\n<p>Jednocze\u015bnie informujemy, \u017ce lista nie jest zamkni\u0119ta a producenci pasz ch\u0119tni do wsp\u00f3\u0142pracy w ramach naszego programu mog\u0105 zg\u0142asza\u0107 si\u0119 do Zak\u0142adu Zaopatrzenia Rolnictwa tel. (86) 278 55 17 lub kom. 693 972 311.<\/p>\n<p><a href=\"http:\/\/mlekpol.thinq.pl\/wp-content\/uploads\/2018\/06\/item.pdf\" target=\"_blank\" rel=\"noopener noreferrer\">Pobierz List\u0119 Referencyjn\u0105 Pasz<\/a><\/p>\n<p>&nbsp;<\/p>\n<p>&nbsp;<\/p>\n<h3>Zakup paliwa<\/h3>\n<p>Zarz\u0105d SM \u201eMLEKPOL\u201d w Grajewie oferuje producentom mleka z ZPM Grajewo i Kolno sprzeda\u017c paliwa z dostaw\u0105 do gospodarstwa samochodem specjalistycznym \u201eMlekpol-u\u201d. Zainteresowanych w sprawie dostaw prosimy o kontakt z zak\u0142adami w Grajewie tel. 86 273 05 15 i Kolnie tel. 86 272 08 04.<\/p>\n","protected":false},"excerpt":{"rendered":"<p>Bez GMO W zwi\u0105zku z rozpocz\u0119ciem od dnia 1.07.2017r funkcjonowania \u201eProgramu produkcji mleka przy u\u017cyciu w \u017cywieniu byd\u0142a pasz nie zawieraj\u0105cych GMO&#8221;, Sp\u00f3\u0142dzielnia Mleczarska Mlekpol w Grajewie przekaza\u0142a Pa\u0144stwu przez kierowc\u00f3w odbieraj\u0105cych mleko z gospodarstwa, REFERENCYJN\u0104 LIST\u0118 PASZ. Dodatkowo w za\u0142\u0105czeniu przekazujemy aktualn\u0105 list\u0119. &nbsp; Je\u017celi maj\u0105 Pa\u0144stwo pytania dotycz\u0105ce funkcjonowania programu prosimy o kontakt [&hellip;]<\/p>\n","protected":false},"author":1,"featured_media":0,"parent":252,"menu_order":0,"comment_status":"closed","ping_status":"closed","template":"StronaListyProducentow.php","meta":[],"_links":{"self":[{"href":"https:\/\/mlekpol.com.pl\/index.php\/wp-json\/wp\/v2\/pages\/1210"}],"collection":[{"href":"https:\/\/mlekpol.com.pl\/index.php\/wp-json\/wp\/v2\/pages"}],"about":[{"href":"https:\/\/mlekpol.com.pl\/index.php\/wp-json\/wp\/v2\/types\/page"}],"author":[{"embeddable":true,"href":"https:\/\/mlekpol.com.pl\/index.php\/wp-json\/wp\/v2\/users\/1"}],"replies":[{"embeddable":true,"href":"https:\/\/mlekpol.com.pl\/index.php\/wp-json\/wp\/v2\/comments?post=1210"}],"version-history":[{"count":7,"href":"https:\/\/mlekpol.com.pl\/index.php\/wp-json\/wp\/v2\/pages\/1210\/revisions"}],"predecessor-version":[{"id":25294,"href":"https:\/\/mlekpol.com.pl\/index.php\/wp-json\/wp\/v2\/pages\/1210\/revisions\/25294"}],"up":[{"embeddable":true,"href":"https:\/\/mlekpol.com.pl\/index.php\/wp-json\/wp\/v2\/pages\/252"}],"wp:attachment":[{"href":"https:\/\/mlekpol.com.pl\/index.php\/wp-json\/wp\/v2\/media?parent=1210"}],"curies":[{"name":"wp","href":"https:\/\/api.w.org\/{rel}","templated":true}]}}